-2). Let q be (u - 3)*(-2)/5. What is the highest common divisor of 3 and q?
1
Let j = 54 - -151. Let x = -187 + j. What is the highest common factor of x and 171?
9
Let p = -4 - -26. Suppose 77*u = -56*u + 21848 - 1366. Calculate the greatest common factor of u and p.
22
Suppose 0 = 4*m - 39*p + 34*p - 1539, 3*p = 3. Let v = m - 274. Calculate the highest common divisor of 84 and v.
28
Let m be (-148)/((-36)/(-56214)*-18). Calculate the greatest common factor of m and 111.
37
Let c(i) = 7*i + 127. Let x be c(11). What is the highest common divisor of x and 4182?
102
Let z(l) = l**3 + 16*l**2 + 14*l - 18. Let y be z(-15). Let k be (y - 546/8)*-4. Let v = k + -204. Calculate the highest common factor of v and 9.
9
Let l be -8 - (-3192)/12 - 8. Suppose 3*w + 7 = 127. Calculate the highest common factor of l and w.
10
Suppose 13*n - 9*n - 8 = 0. Let p be (-8)/20 - 17094/(-185). What is the greatest common factor of n and p?
2
Let l(m) = -m**2 + 8*m + 4. Suppose 50 = -2*f + 7*f + 5*d, -43 = -4*f - 3*d. Let j = f + -5. Let z be l(j). What is the greatest common divisor of 28 and z?
4
Suppose 3*y = 6*y, 5*m + y - 180 = -0*m. What is the highest common divisor of 549 and m?
9
Suppose 4*s - 142 - 46 = 0. Suppose -h = 5*y - 65, h + 4*y - 20 = s. Calculate the greatest common divisor of 45 and h.
15
Let p be 2/(-6) + 196/21. Let g be 2/5 + (-5985)/(-225). Calculate the highest common divisor of g and p.
9
Suppose -5*n = -s + 616, 29*s - 31*s - 4*n = -1232. What is the greatest common factor of s and 385?
77
Suppose -4*o + 6*o = 34. Let a be 3762/(-1254)*(34/(-6))/((-3)/(-9)). What is the highest common factor of o and a?
17
Let f be (-1)/(-6) + (-164)/(-24) + 2. Let y(r) = -2*r**3 + 18*r**2 + 6*r - 23. Let t be y(f). Calculate the highest common divisor of t and 155.
31
Let u be 56/9 + 2/(-9). Suppose -9 = 3*v, c + 3 = 5*v + 10. Let i be -8*c/16 + 1*26. What is the greatest common factor of i and u?
6
Let x be 0/(-1 + 4) + (-9 - -5). Let l be 20*x*(-4)/40. Suppose -2*h + s + 77 = 4*s, -5*h + 198 = 2*s. What is the highest common divisor of l and h?
8
Let n(r) = 4*r + 41. Let m be n(-10). Let a be 22 - (8 - m/1). Let j = -8 + 13. Calculate the highest common divisor of a and j.
5
Suppose 5*v - 35 = -5*z, 2*v - 23 = -3*z - 0*v. Let b = 776 - 773. Let c be 0 + z*16/b. Calculate the greatest common factor of 6 and c.
6
Suppose 5*t = 20*c - 65, -7*c + 4*c = -3*t - 3. Calculate the highest common divisor of t and 3882.
3
Let p(m) = m**3 - 6*m**2 + 3*m - 6. Let r be p(7). Let z = 11 - -4. Suppose -z*t + 19*t - r = 0. Calculate the greatest common factor of 80 and t.
16
Suppose 16*j = 10*j + 1242. Let c = -171 + j. Calculate the highest common divisor of c and 132.
12
Let l be 1*2 + (7 - 11) + 2. Let s be 3/(-4) + (l - (-35)/20). Calculate the highest common divisor of s and 1.
1
Let t = 17 + -8. Let w be (-935)/(-99) - (-44)/(-99). What is the greatest common divisor of t and w?
9
Let d(p) = 4*p + 2061 + 2*p - 2054. Let i be d(2). What is the highest common factor of i and 437?
19
Let m(n) = n**2 + 29*n - 6. Let w be m(-17). Let i = w + 215. Let p = -18 + 38. Calculate the greatest common divisor of i and p.
5
Let f(a) = a**3 + 40*a**2 + 2*a + 85. Let d be f(-40). What is the greatest common divisor of 10 and d?
5
Let z = 111 - 51. Let s = -35 - -56. Let v = s + 3. Calculate the highest common factor of z and v.
12
Let t = -42 + 139. Let h = t - 93. Suppose h*m - m - 96 = 0. What is the highest common divisor of m and 288?
32
Let s(w) = -w**2 - 28*w + 71. Let f(u) = u**3 + 13*u**2 - 13*u - 16. Let r be f(-14). Let t be s(r). Calculate the greatest common factor of t and 4.
1
Suppose 26*i + 122 = 18. Let y(j) = 2*j + 0*j + 3 - 3*j**2 + 0*j**2 - j**3. Let x be y(i). What is the highest common divisor of x and 99?
11
Suppose -1235*f + 110976 = -621*f - 602*f. What is the highest common divisor of 32 and f?
32
Let f be (12/135)/((-1)/(-10))*(-54)/(-6). Calculate the greatest common factor of f and 2896.
8
Suppose 4*k + 2*o = 118, 0*k + 3*o = -3*k + 84. Suppose 11*m - 6*m - 2015 = 0. What is the greatest common divisor of m and k?
31
Suppose 3*t + 4*c = 369, -4*t - 4*c + 492 = c. What is the highest common divisor of t and 96?
3
Let a(u) = -44*u - 164. Let r be 45/(-6) + 4/((-32)/12). Let m be a(r). What is the highest common factor of m and 16?
8
Suppose m + 11 = 71. Let f = 479 + -477. Suppose -135 = -f*s - 87. Calculate the greatest common divisor of m and s.
12
Let c(v) = 33*v**2 - 5*v + 8. Let l(f) = -f**2 - f - 1. Let w(x) = c(x) + 2*l(x). Let q be w(3). What is the highest common divisor of q and 24?
24
Suppose 4*p + 3 = p, 392 = -2*q + 2*p. Let g = -193 - q. What is the highest common factor of g and 116?
4
Suppose 2*m + 252 = 2*u, -2*u + 94 = 4*m - 158. Let o(c) = -c**2 - 79*c + 2364. Let v be o(-102). Calculate the highest common factor of u and v.
18
Let j = -28388 - -28403. Let t(q) = -35*q**3. Let s be t(-1). Calculate the highest common divisor of s and j.
5
Let u be 4/14 + (-3 - 95/(-35)). Suppose -3*i = 9, u = 2*r + 2*i + i + 3. Let k be 0*1/(-3) - (-6)/r. Calculate the highest common factor of 4 and k.
2
Let s(i) = -i**3 + 10*i**2 + 11*i + 15. Let j be s(11). Suppose 3*q + 912 = j*q. What is the highest common divisor of 95 and q?
19
Let p(c) = 2*c**2 + 7*c - 4. Let a be p(5). Let w(i) = -58*i - 1219. Let d be w(-28). What is the greatest common divisor of a and d?
81
Let o = -7135 - -7239. Calculate the greatest common factor of 38896 and o.
104
Let j(t) = 13*t + 14. Let h(i) = -4*i - 5. Let m(z) = 8*h(z) + 3*j(z). Let w be m(3). What is the greatest common divisor of 161 and w?
23
Suppose -6*k - 10 = 4*k. Let w be ((-30)/(-4))/(5/(-40)*k). What is the greatest common factor of 150 and w?
30
Let d(q) = -3*q + 32. Let o be d(-6). Let h be 1683/81 + -1 - (-4)/18. Calculate the highest common factor of h and o.
10
Suppose 4*d + 3*b - 52 = -0*d, -4*d - b = -44. Let a(v) = v**2 - 306*v - 4010. Let z be a(-14). What is the highest common factor of z and d?
10
Suppose 57 - 13 = t. Suppose a - s = 15, -4*s = 4*a - t - 16. Calculate the highest common divisor of a and 105.
15
Suppose 3*g - 127 = 425. Suppose -2*x + 19 + g = 5*w, 300 = 3*x + 3*w. Let k be 3/2*(5 + 1). What is the greatest common factor of x and k?
9
Let k = -18619 + 18729. Calculate the greatest common divisor of 3410 and k.
110
Suppose 5*j = n - 1320, -57*n - 4*j = -60*n + 3938. Calculate the highest common factor of n and 1441.
131
Let q be 2/(-2) - (-12 + -1). Let r(m) = -1. Let x(a) = 3*a - 23. Let p(i) = -6*r(i) + 3*x(i). Let j be p(9). What is the greatest common divisor of q and j?
6
Let p(z) = -z**3 - 49*z**2 + 32*z - 288. Let d be p(-50). What is the greatest common divisor of 272 and d?
68
Let u = 9390 + -9372. Calculate the greatest common divisor of 2904 and u.
6
Let z = -322 + 361. Let w = z - -21. What is the greatest common factor of w and 120?
60
Let s(n) = 23*n**2 + 20*n + 131. Let i be s(-10). Calculate the highest common factor of i and 23.
23
Let z = -365 + 586. Suppose 15*n - 248*n = -15145. What is the highest common divisor of z and n?
13
Let i = 479 - 473. Suppose -i*b + 586 = -404. Calculate the highest common divisor of b and 55.
55
Suppose 5*x + 260 - 290 = 0. Calculate the greatest common factor of x and 150.
6
Let d = -44 + 47. Suppose -d*q - q = -4*x - 280, 0 = -2*q + 5*x + 146. Calculate the highest common factor of 12 and q.
4
Suppose -29697 - 27905 = -21*s + 11929. What is the highest common divisor of s and 49?
7
Suppose 750 = -0*h - 10*h. Let a = -72 - h. Suppose -3*b = -a*d + 8*d - 327, -b = -2*d + 133. What is the greatest common factor of 22 and d?
22
Suppose 4217 - 1458 = 52*w - 11073. Calculate the highest common factor of w and 182.
14
Let g = 82 - 78. Suppose 4*v + 3*n - 15 = 0, -g*n + 1 = -v - 0. Let i = -35 + 68. Calculate the greatest common factor of i and v.
3
Suppose r + 3*y - 82 = 0, -206 = -6*r + 3*r - y. Let g = r - 27. Let x be 2299/77 - (-1)/7. What is the highest common divisor of x and g?
10
Let a(i) = -i + 30. Let n be a(12). Let h be 28/6*(-459)/(-34). What is the greatest common factor of n and h?
9
Suppose 3*b = -2*h + 2971, -7*b + 9*b = 4*h - 5918. Let x = -875 + h. What is the highest common divisor of 6 and x?
6
Suppose 319 